2
What is the greatest common factor of 39476 and 2?
2
What is the highest common divisor of 23 and 495351?
23
What is the highest common factor of 9 and 13131?
9
What is the greatest common factor of 889 and 396621?
127
What is the highest common factor of 60 and 40580?
20
Calculate the highest common divisor of 1992 and 107402.
166
What is the greatest common factor of 2534 and 26969?
181
What is the highest common factor of 6216195 and 75?
15
Calculate the highest common divisor of 976 and 1159.
61
Calculate the highest common factor of 2844 and 92272.
316
What is the greatest common divisor of 27674 and 32058?
274
Calculate the greatest common factor of 209 and 13123.
11
What is the greatest common factor of 75878 and 44?
22
Calculate the highest common factor of 1001 and 208.
13
What is the highest common factor of 608 and 496?
16
What is the highest common divisor of 47 and 170845?
47
What is the greatest common divisor of 7347 and 62?
31
What is the highest common factor of 108 and 1420686?
54
Calculate the highest common factor of 780 and 704652.
156
Calculate the highest common divisor of 145890 and 360.
90
Calculate the highest common factor of 8107 and 469.
67
What is the highest common factor of 108392 and 68?
68
Calculate the highest common divisor of 732 and 1624.
4
What is the greatest common divisor of 960 and 720?
240
What is the greatest common divisor of 444554 and 2672?
334
Calculate the highest common factor of 1648 and 103618.
206
Calculate the highest common factor of 1725038 and 56.
14
What is the greatest common divisor of 12663 and 1575?
63
What is the highest common factor of 39780 and 1040?
260
Calculate the highest common factor of 81 and 52641.
9
Calculate the greatest common divisor of 33057 and 45.
9
Calculate the greatest common factor of 874981 and 41.
41
Calculate the greatest common factor of 643440 and 6.
6
What is the highest common divisor of 25 and 273045?
5
What is the greatest common divisor of 10395 and 253?
11
Calculate the greatest common divisor of 444 and 9756.
12
Calculate the highest common divisor of 20250 and 3000.
750
What is the highest common factor of 137 and 75624?
137
What is the highest common factor of 44251 and 1938?
323
What is the highest common divisor of 1950513 and 733?
733
What is the highest common factor of 24731 and 2653?
7
What is the highest common factor of 350 and 361950?
50
Calculate the greatest common factor of 1330 and 896.
14
What is the greatest common divisor of 24 and 8192?
8
Calculate the highest common divisor of 27435 and 7.
1
What is the highest common factor of 37720 and 1150?
230
Calculate the highest common divisor of 127605 and 200220.
705
Calculate the greatest common factor of 9 and 6759.
9
Calculate the highest common factor of 241389 and 9.
9
What is the highest common divisor of 20 and 1083770?
10
What is the greatest common divisor of 3818496 and 308?
44
What is the highest common factor of 1586 and 363926?
122
What is the greatest common factor of 2717869 and 751?
751
What is the highest common divisor of 1678 and 1616753?
839
Calculate the highest common factor of 419 and 12540251.
419
Calculate the greatest common factor of 6360 and 2862.
318
What is the highest common factor of 5 and 5114015?
5
What is the greatest common factor of 91 and 23303?
7
Calculate the highest common divisor of 43308 and 9126.
54
Calculate the highest common divisor of 22676 and 486.
2
What is the greatest common factor of 900 and 4593?
3
What is the highest common divisor of 4853 and 4?
1
What is the highest common divisor of 66 and 11649?
33
Calculate the highest common divisor of 4033 and 296.
37
Calculate the greatest common divisor of 4590 and 27378.
54
Calculate the highest common divisor of 45066 and 5250.
42
Calculate the greatest common factor of 1286 and 313141.
643
Calculate the greatest common factor of 100 and 92150.
50
What is the highest common divisor of 496 and 11284?
124
Calculate the highest common factor of 71400 and 1530.
510
Calculate the highest common divisor of 13 and 264641.
13
What is the greatest common factor of 22 and 126742?
22
Calculate the highest common factor of 9471 and 933324.
861
What is the greatest common divisor of 78881 and 55?
11
Calculate the greatest common factor of 30979 and 39.
13
What is the greatest common divisor of 299666 and 8912?
1114
Calculate the highest common factor of 262525 and 5.
5
Calculate the greatest common divisor of 22145 and 5805.
215
What is the highest common factor of 6268 and 52?
4
Calculate the highest common factor of 14556 and 18.
6
What is the greatest common divisor of 1352 and 43433?
169
What is the greatest common factor of 341 and 77253?
11
What is the greatest common factor of 767 and 1742?
13
What is the greatest common factor of 447342 and 420?
42
What is the greatest common divisor of 1912 and 797782?
478
Calculate the highest common divisor of 216 and 190080.
216
Calculate the highest common divisor of 440 and 4213.
11
What is the greatest common factor of 261170 and 14?
14
Calculate the greatest common divisor of 16160310 and 90.
90
Calculate the greatest common divisor of 23062 and 78.
26
Calculate the greatest common divisor of 207612 and 584.
292
Calculate the greatest common divisor of 13120 and 9280.
320
Calculate the highest common divisor of 32736 and 96.
96
Calculate the greatest common factor of 1098 and 1179.
9
What is the highest common divisor of 19412 and 1055?
211
Calculate the greatest common divisor of 1143 and 81661.
127
What is the greatest common divisor of 1320 and 159960?
120
Calculate the greatest common factor of 325 and 728.
13
What is the greatest common factor of 1530 and 148950?
90
What is the highest common divisor of 71914 and 164?
82
What is the highest common divisor of 221 and 624?
13
Calculate the highest common divisor of 2781113 and 1228.
307
Calculate the greatest common factor of 53433 and 135.
27
Calculate the greatest common factor of 329 and 336896.
329
What is the greatest common divisor of 315 and 1171485?
315
What is the greatest common divisor of 107115 and 15?
15
Calculate the greatest common divisor of 101875 and 7335.
815
Calculate the greatest common divisor of 149104 and 288.
16
What is the highest common factor of 6 and 16590?
6
Calculate the highest common divisor of 52800 and 96.
96
Calculate the highest common factor of 84 and 2037.
21
What is the highest common factor of 300 and 7575?
75
What is the greatest common divisor of 24 and 4152?
24
What is the greatest common divisor of 408 and 15640?
136
Calculate the greatest common divisor of 84776 and 16.
8
Calculate the highest common factor of 129550 and 950.
50
Calculate the highest common divisor of 15732 and 31350.
114
Calculate the highest common factor of 12571 and 2197.
13
What is the highest common divisor of 420 and 2560?
20
Calculate the highest common factor of 21168 and 3483.
27
What is the greatest common divisor of 427 and 269315?
61
What is the highest common divisor of 112230 and 470?
10
Calculate the highest common factor of 381615 and 2280.
285
What is the greatest common factor of 145 and 9165?
5
Calculate the highest common divisor of 9 and 683.
1
Calculate the greatest common divisor of 3 and 18252.
3
What is the highest common factor of 289797 and 58?
29
What is the greatest common divisor of 18763 and 39467?
647
What is the highest common divisor of 506 and 15422?
22
What is the highest common divisor of 10438 and 85?
17
Calculate the greatest common divisor of 164067 and 68.
17
Calculate the highest common divisor of 3625 and 80881.
29
Calculate the greatest common divisor of 788064 and 672.
96
Calculate the greatest common factor of 15610 and 34370.
70
What is the greatest common divisor of 4198260 and 220?
220
What is the greatest common factor of 19467 and 81?
27
Calculate the highest common factor of 18718 and 1834.
14
Calculate the highest common divisor of 1048 and 167942.
262
What is the greatest common divisor of 121 and 407891?
121
What is the highest common factor of 136 and 108562?
34
What is the greatest common factor of 51053 and 247?
19
Calculate the greatest common divisor of 1032587 and 313.
313
Calculate the greatest common divisor of 14 an